of 190912786?
7
What is the hundred thousands digit of 6114746?
1
What is the thousands digit of 936497197?
7
What is the units digit of 142591236?
6
What is the ten millions digit of 39233470?
3
What is the thousands digit of 437745583?
5
What is the tens digit of 160835526?
2
What is the hundred thousands digit of 1249612485?
6
What is the hundred thousands digit of 395768658?
7
What is the hundreds digit of 157698945?
9
What is the hundred millions digit of 107656328?
1
What is the ten millions digit of 53609087?
5
What is the millions digit of 152382874?
2
What is the hundred thousands digit of 74007407?
0
What is the ten thousands digit of 7731147?
3
What is the units digit of 107025139?
9
What is the ten millions digit of 1898078495?
9
What is the thousands digit of 309345325?
5
What is the hundred thousands digit of 3873031345?
0
What is the thousands digit of 71217058?
7
What is the thousands digit of 108090999?
0
What is the millions digit of 865514623?
5
What is the billions digit of 2361054232?
2
What is the tens digit of 8134388747?
4
What is the millions digit of 945822485?
5
What is the millions digit of 43578317?
3
What is the tens digit of 110384504?
0
What is the hundreds digit of 55398012?
0
What is the ten millions digit of 136791473?
3
What is the ten thousands digit of 378760049?
6
What is the hundreds digit of 21458169?
1
What is the ten millions digit of 2254464769?
5
What is the units digit of 107761632?
2
What is the millions digit of 95975004?
5
What is the ten thousands digit of 33659397?
5
What is the hundreds digit of 67046358?
3
What is the hundred thousands digit of 161738067?
7
What is the tens digit of 89970149?
4
What is the ten thousands digit of 148576066?
7
What is the ten thousands digit of 292841144?
4
What is the millions digit of 317505605?
7
What is the ten thousands digit of 512074056?
7
What is the ten thousands digit of 2951409037?
0
What is the units digit of 1325953221?
1
What is the hundreds digit of 137059393?
3
What is the millions digit of 66475447?
6
What is the hundreds digit of 54146074?
0
What is the units digit of 153858967?
7
What is the millions digit of 82019462?
2
What is the millions digit of 46479803?
6
What is the units digit of 327964468?
8
What is the millions digit of 1139464771?
9
What is the thousands digit of 2113832911?
2
What is the ten thousands digit of 2571916890?
1
What is the ten thousands digit of 993170419?
7
What is the units digit of 554229856?
6
What is the hundred millions digit of 403206857?
4
What is the tens digit of 63236447?
4
What is the hundred millions digit of 299355499?
2
What is the millions digit of 101223282?
1
What is the thousands digit of 1415061085?
1
What is the ten thousands digit of 1881264238?
6
What is the tens digit of 687960703?
0
What is the millions digit of 83608139?
3
What is the tens digit of 623320674?
7
What is the hundreds digit of 137859304?
3
What is the ten thousands digit of 554507263?
0
What is the hundreds digit of 3173341537?
5
What is the ten millions digit of 1358309297?
5
What is the ten thousands digit of 412544754?
4
What is the hundred thousands digit of 331863600?
8
What is the tens digit of 339221851?
5
What is the ten thousands digit of 263835412?
3
What is the tens digit of 44516616?
1
What is the hundreds digit of 423784368?
3
What is the tens digit of 424873069?
6
What is the millions digit of 43773278?
3
What is the hundred thousands digit of 58015946?
0
What is the ten thousands digit of 2589695158?
9
What is the ten millions digit of 42539403?
4
What is the ten millions digit of 1058392388?
5
What is the thousands digit of 105821111?
1
What is the hundreds digit of 4331371995?
9
What is the ten millions digit of 387323013?
8
What is the units digit of 59295321?
1
What is the hundreds digit of 163129627?
6
What is the ten thousands digit of 130874054?
7
What is the millions digit of 7833402116?
3
What is the hundred thousands digit of 136272277?
2
What is the units digit of 534686646?
6
What is the hundred millions digit of 1054090122?
0
What is the ten millions digit of 84198036?
8
What is the hundreds digit of 345576632?
6
What is the ten thousands digit of 67616488?
1
What is the ten millions digit of 8336764625?
3
What is the hundred millions digit of 600004288?
6
What is the tens digit of 50085973?
7
What is the hundred thousands digit of 1162703047?
7
What is the thousands digit of 144002075?
2
What is the hundred thousands digit of 534799924?
7
What is the tens digit of 1072548690?
9
What is the ten thousands digit of 66299586?
9
What is the tens digit of 16579507?
0
What is the ten thousands digit of 608846478?
4
What is the hundreds digit of 241085339?
3
What is the hundreds digit of 800540288?
2
What is the hundred millions digit of 687618190?
6
What is the ten thousands digit of 46218358?
1
What is the ten millions digit of 3506676855?
0
What is the hundred millions digit of 354578058?
3
What is the tens digit of 26400938?
3
What is the ten thousands digit of 348240205?
4
What is the units digit of 4083489099?
9
What is the ten thousands digit of 1084423631?
2
What is the hundreds digit of 108867721?
7
What is the ten millions digit of 54542328?
5
What is the units digit of 954179232?
2
What is the units digit of 411004378?
8
What is the hundred thousands digit of 95203359?
2
What is the thousands digit of 74914060?
4
What is the tens digit of 52484306?
0
What is the hundred thousands digit of 677346586?
3
What is the hundreds digit of 426829724?
7
What is the hundreds digit of 66310688?
6
What is the hundreds digit of 141996123?
1
What is the hundred thousands digit of 55044848?
0
What is the units digit of 290623194?
4
What is the hundreds digit of 179475435?
4
What is the ten millions digit of 292849177?
9
What is the billions digit of 1933149391?
1
What is the hundred millions digit of 175506973?
1
What is the hundreds digit of 199881063?
0
What is the thousands digit of 702060469?
0
What is the hundreds digit of 99949635?
6
What is the thousands digit of 19100306?
0
What is the hundred millions digit of 514355640?
5
What is the hundred thousands digit of 53096170?
0
What is the millions digit of 249642428?
9
What is the tens digit of 621857229?
2
What is the hundred thousands digit of 19149351?
1
What is the tens digit of 4748596545?
4
What is the hundreds digit of 1575589957?
9
What is the thousands digit of 33971235?
1
What is the hundreds digit of 687663281?
2
What is the tens digit of 395464471?
7
What is the tens digit of 97156018?
1
What is the millions digit of 40005781?
0
What is the ten millions digit of 6867358979?
6
What is the hundred millions digit of 558731059?
5
What is the tens digit of 65821252?
5
What is the hundreds digit of 6939228872?
8
What is the hundreds digit of 41423224?
2
What is the hundreds digit of 25525140?
1
What is the tens digit of 230777084?
8
What is the hundreds digit of 86920732?
7
What is the hundred millions digit of 4389192276?
3
What is the ten thousands digit of 18200932?
0
What is the thousands digit of 5733459?
3
What is the thousands digit of 2058518077?
8
What is the thousands digit of 1869742756?
2
What is the hundred thousands digit of 77090052?
0
What is the hundred thousands digit of 836296827?
2
What is the hundred millions digit of 154790603?
1
What is the hundreds digit of 721239733?
7
What is the hundred thousands digit of 931951963?
9
What is the hundreds digit of 262977363?
3
What is the ten millions digit of 88004579?
8
What is the hundreds digit of 248526864?
8
What is the thousands digit of 13661590?
1
What is the hundred thousands digit of 9950903?
9
What is the ten thousands digit of 53820476?
2
What is the ten thousands digit of 737237073?
3
What is the tens digit of 33083414?
1
What is the hundreds digit of 84433434?
4
What is the hundred millions digit of 274091701?
2
What is the ten thousands digit of 486426348?
2
What is the ten millions digit of 340168820?
4
What is the thousands digit of 1546216?
6
What is the ten thousands digit of 1005699433?
9
What is the thousands digit of 107001493?
1
What is the hundred thousands digit of 57880340?
8
What is the thousands digit of 431735933?
5
What is the hundred thousands digit of 1